*f(l) - 5*p(l). Give a(u).
11
Let b(l) = -l**3 - 4*l**2 - 5*l - 3. Let z be b(-3). Let h = -5 - -9. Let s(d) = -3*d + d**2 + 0*d + 1 - d - h. Give s(z).
-6
Let b(m) be the first derivative of -m**2/2 + 2*m - 23. What is b(-14)?
16
Let d(x) = -x**2 + 731 - 359 + 6*x - 367 - 2*x**2 + 2*x**2. What is d(7)?
-2
Suppose 16*g + 12 = 18*g. Let l(k) = -k**2 + 8*k + 3*k**2 - 4 - 3*k**2. Give l(g).
8
Let m(w) be the third derivative of w**6/120 + w**5/60 + w**3/6 - 134*w**2. Determine m(-2).
-3
Let u(j) = j - 3. Let g = -65 + 93. Let y = g - 32. What is u(y)?
-7
Let d(j) = j**2 - 4*j + 4. Let u(n) = 4*n**2 - 6*n + 21. Let y be u(6). Let a = y + -126. Give d(a).
1
Let c(i) = 4*i**3 - i**2 + 1. Let o = -55 - -58. Suppose -12 = 3*j + o*v, 0*j - 3*v - 13 = 4*j. What is c(j)?
-4
Let j = 0 + 4. Suppose 0*p - j*p = -24. Let f(d) = 4*d**2 + 17*d - 2. Let v(u) = 3*u**2 + 11*u - 1. Let q(w) = -5*f(w) + 7*v(w). What is q(p)?
-9
Let c(i) = -12*i**2 + i + 1. Let b(z) = -z**2 + 4. Let a be b(4). Let l be 20/6*a/(-8). Suppose 4*v - 1 = 3*o + 1, l*o + 8 = 2*v. Calculate c(v).
-12
Suppose 1 = -t - 2*t + 5*i, 0 = -t - 2*i - 4. Let n(d) = d**2 + 2*d. Give n(t).
0
Let v(z) = -126*z + 66*z - 5 + 66*z. Determine v(4).
19
Suppose 0*r + 4*r + 44 = 0. Let b(o) = 3*o + 27. Let n be b(r). Let x(v) = -v**2 - 9*v - 3. Determine x(n).
15
Let s(r) = 11*r**2 - 5. Let x(v) = -27*v**2 + 12. Let t(c) = c**3 - 8*c**2 - 11*c + 6. Let h be t(9). Let y(m) = h*s(m) - 5*x(m). Calculate y(1).
3
Let i(c) be the first derivative of -c**4/4 - 2*c**3 - c**2/2 - 1. Suppose -25*v - 84 = -31*v. Suppose -v*y - 82 = 2. Determine i(y).
6
Let d(n) = -8*n**3 - 1. Let u(a) = -a**3 + 7*a**2 - 4*a - 5. Let l be u(6). Let z be l + -5 - ((1 - -3) + -1). What is d(z)?
7
Let x(f) be the first derivative of f**3/6 - 6*f + 4. Let u(k) be the first derivative of x(k). Determine u(-5).
-5
Suppose -252 = 3*o + 60*o. Let c(u) = -u**2 - 2*u. Determine c(o).
-8
Let m(c) = -c + 1. Let h(j) = -6*j + 10. Let b(o) = -h(o) + 3*m(o). Give b(4).
5
Let q(g) = 4*g + 35. Let u(i) = 2*i + 18. Let v(y) = -6*q(y) + 11*u(y). Give v(-8).
4
Let p(s) = -1 - s**2 + 17746*s - 17746*s. Let m be (0 + 1)*(-2 + 1). Let h(t) = -4*t**2 + 2*t - 3. Let l(u) = m*h(u) + 3*p(u). Give l(2).
0
Let y(k) = -2*k - 1. Let j = -25 + -3. Let o = -32 - j. Determine y(o).
7
Suppose -18 = 4*f - 0*g - 2*g, 2*f = 5*g - 13. Let w(q) be the first derivative of -1 - 5*q - 1/2*q**2. Give w(f).
-1
Let w(c) = 120*c + 609. Let l be w(-5). Let z(j) = -j**3 + 9*j**2 - 3*j - 4. Calculate z(l).
-31
Let o(m) = 3*m + 16. Let d(l) = -l - 5. Let f(r) = 11*d(r) + 4*o(r). What is f(-8)?
1
Let d(k) be the second derivative of -11*k**3/3 - k**2/2 + 2*k - 38. Give d(1).
-23
Suppose 0 = -3*y - 5*o + 17, 0 = -3*o + 3 + 9. Let d be y*(4 + (-12)/4). Let n be (d/3)/((-1)/(-3)). Let p(q) = -2*q**3 - 2*q**2 - 2*q - 1. Give p(n).
1
Let q(h) = -h**3 + 9*h**2 - 10*h + 19. Suppose 3*m - 22 = -154*l + 152*l, -4*m - 5*l = -27. What is q(m)?
3
Let r(o) be the third derivative of o**6/120 + o**5/30 - o**4/6 - o**3/3 - 18*o**2 - 2*o. What is r(-3)?
1
Let z(g) = 1 - 4*g - 6*g**2 + 12*g - 5*g + g**3. Give z(5).
-9
Let x(u) = -3*u**2 + u + 1. Let j(h) = -2*h**2 - 6*h - 5. Let f be j(-1). Determine x(f).
-3
Let j = -31 - -53. Let q = j + -16. Let s(z) = q - 19*z**3 + 20*z**3 + 2*z - 2 + 4*z**2. Give s(-3).
7
Let q(f) = -2*f**2 - 4*f - 3. Let n(b) = 5*b**2 + 8*b + 4. Let m(u) = -3*n(u) - 7*q(u). Give m(6).
-3
Let s(h) = -4*h - 6. Let o = 154 + -159. What is s(o)?
14
Suppose -5*g + 0*a + 16 = 3*a, 6 = g + 2*a. Let b(j) = 4*j**3 + j**3 + 7*j**g + 1 - j - 8*j**2. Determine b(1).
4
Suppose 6*v - 15 = v. Suppose -25 = v*q - 37. Let x(c) = -c**3 + 5*c**2 - 3*c - 1. Give x(q).
3
Let w(z) = 8 - 7*z**2 - 12*z + 3*z**2 + 5*z**2. What is w(7)?
-27
Let d be 0 + -4*4/8 - -4. Let t(m) = -217*m + 210*m + d + 2 + 1 + m**2. Give t(6).
-1
Suppose 0 = -13*s + 17*s - 16. Suppose 0 = s*z + 5*f - 23, -2*z = -7*z - 3*f + 19. Let b(v) = v**2 + 2*v - 2. Calculate b(z).
6
Let s(r) = -145*r**2 + 2*r + 0 + 1 + 157*r**2 - 2*r. Calculate s(-1).
13
Let z(r) = -r**2 + 2*r - 1. Let t(u) = u**3 + 10*u**2 + 8*u - 21. Let x(o) = -t(o) + 4*z(o). Give x(-14).
17
Let n = 10 - 14. Let f(r) = 1294*r - 2 - 2584*r + 1289*r. Give f(n).
2
Suppose -4*z = -20 - 0. Let n = -7 + z. Let b(c) = 4*c + c + 2 + 0. Calculate b(n).
-8
Let z(s) = -11*s - 1 + 9*s**2 + 11*s - 3 + 2. Give z(-2).
34
Let c(j) = -2*j**2 + 12*j + 1. Let p(k) = -k**2 + 4*k - 1. Let a(n) = c(n) - 4*p(n). Give a(3).
11
Let z = 61 + 4. Let c(g) = -z + 69 + 0*g + 4*g. Determine c(3).
16
Let y = -5 + 9. Suppose 5*r - 79 = 2*i + 3, 28 = 2*r + y*i. Suppose 1 = 3*v + p - 1, r = -4*p. Let f(k) = k**3 - k**2 + k - 1. What is f(v)?
5
Let p(u) be the second derivative of -u**5/20 + u**4/2 + u**3/2 + u**2/2 + 5*u. Let v be ((-23)/46)/(1*(-1)/12). Determine p(v).
19
Suppose -1531 = -3*x - 3*r + 296, -3*x + 1811 = -r. Let v(d) = -x + 605 - 2*d**3 - 3*d**2 + 4*d**2. Give v(1).
-1
Let r(p) = p + 1 + 29 + 50 - 50. What is r(-21)?
9
Let r = -18 + 12. Suppose 2*n + 21 = 3*f, -2*n - 3*n = 4*f - 5. Let k(o) = -o - f + 4 - 1. Calculate k(r).
4
Let l(h) = -h**2 - 10*h - 8. Let t(o) = -o - 1. Let s(p) = l(p) - 2*t(p). Determine s(-8).
-6
Let x = 11 - 9. Let f(q) = -4*q**3 + 5*q**2 - 11*q - 4. Let u(k) = -5*k**3 + 6*k**2 - 13*k - 5. Let g(d) = -6*f(d) + 5*u(d). What is g(x)?
-7
Suppose m + 3*m = -4*x + 40, -2*x + 32 = -4*m. Let r be ((-2)/4)/((-1)/x). Let j(q) = -q**3 + 7*q**2 - 5*q - 5. Determine j(r).
1
Let g(t) = t - 1. Let o(m) = m**2 + 3*m - 11. Let k(u) = -5*g(u) + o(u). Give k(-4).
18
Let l(i) = -44*i + 0*i**3 + 4*i**2 + 70*i + i**3 - 40*i - 6. Give l(-6).
6
Suppose 0 = 1781*k - 1773*k - 40. Let l(b) = b**3 - 5*b**2 - 9*b + 34. Give l(k).
-11
Suppose 17*g - 19*g + 64 = 0. Suppose g*h - 28*h = 0. Let o(w) = -w**3 + w**2 + 4. What is o(h)?
4
Let x(h) = -h. Suppose w + w + 4*a = 6, -5*a + 6 = 2*w. Determine x(w).
-3
Let d(r) = -r**3 + 4*r**2 + r - 9. Let u(j) = -j**3 + 5*j**2 + j - 8. Suppose 0*b - 2*b + 8 = 0, 4*t = -4*b + 8. Let y(l) = t*d(l) + 3*u(l). Calculate y(7).
1
Let i(g) = 63*g + 57*g + 27*g**3 - 9 - 26*g**3 - 112*g - 7*g**2. Let u be (-18)/(-3)*(-2)/(-4). Suppose -k = -u - 3. Give i(k).
3
Let m(a) = a**2 - 6*a - 3. Suppose 0 = -o - 3*o + 128. Let u = o + -26. What is m(u)?
-3
Let v(b) = 2*b**2 - b + 2. Let g(z) = 11*z**2 - 10*z + 10. Let r(c) = -g(c) + 6*v(c). Give r(-7).
23
Let v be 1/(-2)*(0/(-3))/(-2). Let g(j) be the second derivative of -1/2*j**3 + v + 0*j**2 - 7*j. Determine g(3).
-9
Let l(p) = 2*p**2 + 2*p - 1. Let x(b) = -b**3 - 29*b**2 - 6*b + 46. Let m(u) = 4*l(u) + x(u). What is m(-21)?
0
Let b(w) = w**2 - 5*w - 6. Let h be 930/39 - (-4)/26. Suppose -v - 5*l = -5, 0 = 4*v - 3*l + 4 - h. Suppose -v - 7 = -2*r - 5*t, -r + 6 = 3*t. Determine b(r).
0
Suppose 0 = p - 6 - 7. Let v(s) be the third derivative of -s**5/60 + 7*s**4/12 - 7*s**3/3 + 9*s**2. Let k be v(p). Let d(g) = -3*g**3 + 1. What is d(k)?
4
Let d(j) = 2*j**2 + j. Let w be d(1). Let t(z) = 2*z**2 - w + 3*z**2 - 7*z**2 + 6*z. Determine t(4).
-11
Let d(v) be the third derivative of v**7/840 + v**6/60 - v**5/120 + v**4/24 + 3*v**3 + 9*v**2. Let q(a) be the first derivative of d(a). Calculate q(-6).
7
Let l(z) = -13*z**3 - 2*z**2 + 1. Let t be l(-1). Suppose 0 = t*b - 5*b + 14. Let p(u) = 3*u. What is p(b)?
-6
Let a = 14 - 12. Let f(o) = -a*o**2 - 9 + o**2 - 13*o + 23*o. Let t be f(9). Let q(s) = -s**3 - s**2 + s + 7. Calculate q(t).
7
Let g(k) = 7*k**3 + 3*k**2 - 3*k + 1. Let p(h) = h**3 - 46*h**2 - 46*h - 46. Let a be p(47). Calculate g(a).
8
Let v(w) = -5*w - w**2 + 37*w - 35*w. Calculate v(-7).
-28
Let d(o) = -o + 5. Let f be -2 - -5 - (1 + -3). Suppose b + 4*g = -2*b + 43, -f*b + 33 = -3*g. Give d(b).
-4
Let u(v) = -48*v + 4*v**2 - 39*v + 5 - 45*v + 131*v + 2*v**2 + v**3. Determine u(-6).
11
Let g(c) be the first derivative of -c**3/3 + 15*c**2/2 - 14*c + 52. What is g(14)?
0
Suppose -3 = 4*j + 1. Let n be (0 + j - -4) + 1. Let k(d) be the third derivative of d**6/120 - d**5/20 - d**4/4 + d**3/3 - 8*d**2 + 61. Calculate k(n).
-6
Let k be ((-12)/(-21))/((-14)/(-49)). Let c(i) = -i**3 - 8*i**2 + 10*i + 12. Let g be c(-9). Let s(a) = -2*a**2 + 31*a**3 - 16*a**g - 14*a**3 + a. What is s(k)?
2
Let t(y) = 9*y**2 - y. Suppose 4